.
23
What is -9 (base 14) in base 15?
-9
Convert -a6 (base 16) to base 15.
-b1
40 (base 16) to base 7
121
Convert 1 (base 16) to base 12.
1
What is 0 (base 10) in base 8?
0
Convert 202 (base 4) to base 16.
22
What is -4 (base 16) in base 11?
-4
What is -150 (base 6) in base 12?
-56
Convert 2 (base 5) to base 8.
2
1232 (base 4) to base 8
156
a (base 15) to base 4
22
-6 (base 11) to base 10
-6
66 (base 15) to base 9
116
What is -5 (base 14) in base 8?
-5
2 (base 12) to base 5
2
-65 (base 8) to base 9
-58
Convert 6 (base 8) to base 2.
110
What is -58 (base 9) in base 3?
-1222
-1000 (base 3) to base 6
-43
What is 0 (base 10) in base 3?
0
What is -3 (base 8) in base 3?
-10
Convert -7 (base 15) to base 3.
-21
-3 (base 12) to base 15
-3
What is 0 (base 3) in base 5?
0
12 (base 6) to base 3
22
Convert 21 (base 8) to base 6.
25
-11011 (base 2) to base 3
-1000
What is -2 (base 7) in base 12?
-2
Convert -36 (base 7) to base 10.
-27
-10 (base 5) to base 3
-12
-6 (base 9) to base 4
-12
123 (base 5) to base 13
2c
What is -13 (base 8) in base 13?
-b
Convert -14 (base 6) to base 11.
-a
Convert -4a (base 12) to base 3.
-2011
Convert -4 (base 10) to base 14.
-4
Convert -25 (base 7) to base 3.
-201
Convert -2 (base 13) to base 15.
-2
6b (base 15) to base 5
401
What is 54 (base 8) in base 14?
32
What is -11 (base 12) in base 8?
-15
10 (base 12) to base 6
20
What is c (base 15) in base 4?
30
0 (base 3) to base 8
0
3 (base 8) to base 5
3
Convert -10100000 (base 2) to base 15.
-aa
1 (base 13) to base 11
1
202 (base 6) to base 13
59
Convert 4 (base 8) to base 13.
4
Convert 110 (base 3) to base 13.
c
Convert -6 (base 10) to base 7.
-6
7c (base 15) to base 3
11100
-3 (base 8) to base 4
-3
Convert -16 (base 8) to base 12.
-12
1 (base 14) to base 6
1
-4 (base 7) to base 13
-4
What is -4 (base 9) in base 10?
-4
3 (base 7) to base 13
3
Convert 59 (base 10) to base 8.
73
-f (base 16) to base 6
-23
Convert 45 (base 16) to base 15.
49
-34 (base 15) to base 5
-144
0 (base 2) to base 3
0
Convert 8 (base 11) to base 2.
1000
Convert 24 (base 6) to base 3.
121
Convert -10200 (base 3) to base 16.
-63
Convert -24 (base 11) to base 6.
-42
What is 282 (base 10) in base 13?
189
What is -203 (base 8) in base 2?
-10000011
Convert -31 (base 4) to base 7.
-16
Convert -10001 (base 3) to base 5.
-312
What is 120 (base 15) in base 14?
143
Convert -14 (base 6) to base 9.
-11
0 (base 7) to base 13
0
2 (base 6) to base 4
2
Convert 11022 (base 3) to base 12.
98
What is 34 (base 5) in base 10?
19
What is 8 (base 10) in base 7?
11
Convert 2012 (base 3) to base 13.
47
What is 13 (base 11) in base 9?
15
Convert 24 (base 14) to base 6.
52
What is -17 (base 8) in base 15?
-10
47 (base 16) to base 11
65
Convert -2 (base 10) to base 7.
-2
434 (base 5) to base 6
315
What is 1114 (base 6) in base 8?
406
What is -2 (base 9) in base 11?
-2
0 (base 15) to base 13
0
13 (base 5) to base 7
11
What is 1 (base 2) in base 6?
1
-45 (base 11) to base 14
-37
-122 (base 9) to base 5
-401
Convert -1 (base 2) to base 14.
-1
Convert 21211 (base 3) to base 13.
133
What is -12 (base 3) in base 15?
-5
Convert -6 (base 16) to base 9.
-6
Convert 13 (base 6) to base 5.
14
Convert -3 (base 4) to base 8.
-3
222 (base 4) to base 9
46
Convert 92 (base 10) to base 14.
68
What is 1 (base 5) in base 16?
1
Convert 102 (base 3) to base 6.
15
What is -112 (base 4) in base 16?
-16
-376 (base 10) to base 15
-1a1
4 (base 6) to base 5
4
What is 110 (base 4) in base 12?
18
Convert -10000100 (base 2) to base 8.
-204
-6 (base 15) to base 13
-6
-110110 (base 2) to base 7
-105
What is 30 (base 4) in base 5?
22
3 (base 7) to base 14
3
Convert -8 (base 13) to base 8.
-10
3 (base 6) to base 5
3
Convert -29 (base 13) to base 6.
-55
What is -431 (base 5) in base 7?
-224
11101 (base 2) to base 15
1e
Convert 1051 (base 6) to base 5.
1442
What is -58 (base 12) in base 10?
-68
What is -32 (base 4) in base 13?
-11
What is -40 (base 6) in base 10?
-24
Convert 4 (base 8) to base 14.
4
Convert -4 (base 16) to base 8.
-4
Convert 25 (base 11) to base 9.
30
Convert -30 (base 10) to base 12.
-26
-4 (base 16) to base 9
-4
-34 (base 5) to base 14
-15
Convert -3 (base 4) to base 6.
-3
What is -23 (base 6) in base 8?
-17
What is 0 (base 11) in base 4?
0
-6 (base 9) to base 15
-6
What is -4 (base 9) in base 2?
-100
-4 (base 5) to base 11
-4
Convert 110 (base 7) to base 10.
56
-112 (base 5) to base 15
-22
Convert -d (base 16) to base 9.
-14
25 (base 6) to base 5
32
Convert 401 (base 5) to base 15.
6b
What is -214 (base 9) in base 6?
-451
0 (base 2) to base 4
0
4 (base 7) to base 3
11
-316 (base 9) to base 6
-1110
What is -13 (base 8) in base 10?
-11
Convert 2 (base 12) to base 8.
2
What is -11 (base 2) in base 4?
-3
Convert 4 (base 16) to base 3.
11
Convert -3 (base 8) to base 11.
-3
What is -104 (base 6) in base 16?
-28
Convert -1c (base 14) to base 9.
-28
Convert 1 (base 15) to base 10.
1
-3 (base 10) to base 12
-3
Convert 1d (base 16) to base 15.
1e
Convert 336 (base 9) to base 7.
543
What is -2 (base 14) in base 5?
-2
-1010 (base 2) to base 12
-a
0 (base 8) to base 15
0
What is 211 (base 3) in base 5?
42
-23 (base 9) to base 15
-16
-10 (base 16) to base 9
-17
Convert 2001 (base 3) to base 7.
106
What is -20 (base 4) in base 14?
-8
Convert 1 (base 5) to base 14.
1
Convert 10 (base 5) to base 4.
11
What is -5 (base 15) in base 9?
-5
What is -133 (base 7) in base 8?
-111
-1 (base 3) to base 10
-1
Convert -3 (base 9) to base 6.
-3
What is 10 (base 5) in base 7?
5
What is 10 (base 2) in base 14?
2
Convert -5 (base 15) to base 16.
-5
-230 (base 6) to base 12
-76
Convert -11 (base 16) to base 4.
-101
Convert -1 (base 15) to base 14.
-1
What is -8 (base 14) in base 16?
-8
Convert -50 (base 16) to base 15.
-55
What is -3 (base 14) in base 13?
-3
-1 (base 12) to base 6
-1
What is -1 (base 8) in base 7?
-1
Convert 14 (base 12) to base 2.
10000
-5 (base 10) to base 6
-5
6 (base 14) to base 3
20
d2 (base 15) to base 8
305
What is 10021 (base 3) in base 13?
6a
What is -5 (base 12) in base 16?
-5
Convert -36 (base 13) to base 5.
-140
Convert 232 (base 5) to base 7.
124
What is 2 (base 6) in base 5?
2
What is -265 (base 10) in base 15?
-12a
-238 (base 13) to base 2
-110000001
Convert 49 (base 14) to base 9.
72
Convert -8 (base 11) to base 15.
-8
Convert 100011 (base 2) to base 12.
2b
What is -2 (base 15) in base 14?
-2
Convert 1 (base 6) to base 8.
1
3 (base 11) to base 8
3
Convert -2 (base 6) to base 7.
-2
7 (base 10) to base 7
10
12 (base 5) to base 3
21
202 (base 5) to base 10
52
What is 35 (base 15) in base 4?
302
What is -14 (base 14) in base 3?
-200
Convert -102 (base 15) to base 14.
-123
Convert 10011 (base 3) to base 10.
85
What is 201 (base 3) in base 9?
21
Convert -5 (base 7) to base 13.
-5
What is 2 (base 9) in base 8?
2
Convert -51 (base 16) to base 12.
-69
What is -2 (base 3) in base 2?
-10
-20 (base 5) to base 12
-a
What is -11 (base 15) in base 5?
-31
Convert -1 (base 4) to base 16.
-1
Convert 4 (base 15) to base 16.
4
What is 15 (base 14) in base 9?
21
1100 (base 6) to base 14
140
What is -20 (base 12) in base 14?
-1a
What is 13a (base 12) in base 11?
163
What is -77 (base 12) in base 8?
-133
Convert 1100 (base 2) to base 10.
12
What is 2 (base 8) in base 2?
10
55 (base 6) to base 7
50
What is -1 (base 16) in base 2?
-1
What is 2 (base 15) in base 6?
2
1101 (base 2) to base 15
d
Convert 2 (base 10) to base 5.
2
1000101 (base 2) to base 10
69
Convert 3 (base 13) to base 4.
3
What is -17 (base 12) in base 13?
-16
What is -10 (base 2) in base 9?
-2
What is -5 (base 15) in base 4?
-11
Convert 37 (base 16) to base 13.
43
What is 1e (base 16) in base 10?
30
What is 1a (base 11) in base 8?
25
What is 0 (base 16) in base 2?
0
Convert 18 (base 10) to base 16.
12
0 (base 11) to base 2
0
4 (base 7) to base 2
100
Convert -234 (base 7) to base 6.
-323
What is 12 (base 6) in base 3?
22
Convert -4 (base 15) to base 5.
-4
What is -131 (base 11) in base 15?
-a5
Convert -1 (base 5) to base 10.
-1
-2 (base 16) to base 8
-2
What is 7 (base 11) in base 13?
7
Convert -67 (base 8) to base 5.
-210
Convert -131 (base 4) to base 13.
-23
Convert -7 (base 13) to base 5.
-12
11 (base 2) to base 12
3
What is 1100101 (base 2) in base 5?
401
What is 200 (base 6) in base 5?
242
Convert -11010